23
Let o(w) = -w**3 + 7*w**2 + 2*w - 9. Let i be o(7). Let m(q) = q + 4. List the prime factors of m(i).
3
Let i(o) = o + 6. Let s be i(-6). What are the prime factors of (s - -8)/(-4)*-6?
2, 3
Let z(a) = -a**2 - 7*a - 7. Let n be z(-5). Suppose -o + n*y + 21 = 0, 4*o + y + 0*y - 19 = 0. Suppose -2 = x - o. What are the prime factors of x?
2
List the prime factors of ((498/(-3) + -1)*1)/(-1).
167
Suppose 4*c + 6 = -6. Let i be (1 + -2)/c*9. Suppose 5 + 7 = i*s. What are the prime factors of s?
2
Suppose 65*b = 63*b + 524. What are the prime factors of b?
2, 131
Let g be 4/2 - (-1 + 7). List the prime factors of (-187)/(-7) + g/(-14).
3
Suppose 13 + 7 = 4*y. Suppose -4*l - 46 = -6*h + h, -15 = -2*h + y*l. Let b = 19 - h. List the prime factors of b.
3
Let o be 7 - 6 - (-1 + -2). Suppose -4*b = -5*b - 1, -4*b - 12 = -o*s. What are the prime factors of s/(2/6 + 0)?
2, 3
Let c = 35 + -21. List the prime factors of c.
2, 7
Let u be (-29)/(-3) + 8/24. What are the prime factors of u*3/6 - 1?
2
Let w(m) be the second derivative of m**4/12 + 2*m**3/3 - 9*m**2/2 + 5*m. List the prime factors of w(-8).
23
Let u(t) = -18*t - 6. Let r = -5 + 0. Let s(h) = -17*h - 5. Let g(w) = r*u(w) + 6*s(w). What are the prime factors of g(-1)?
2, 3
Let f(q) = -q**3 + q**2 + 4*q - 1. Let j be f(3). Let g = 8 + j. Let w = g - -2. What are the prime factors of w?
3
Let l be 1 - 2 - (-6 + 0). Suppose 2*v - 27 = -l*y - 0*y, 0 = -5*v - 20. Suppose 2*z - 9 = y. List the prime factors of z.
2
Let a(o) = o**3 - 6*o**2 + 8*o - 5. Let n be ((-40)/12)/(4/(-6)). List the prime factors of a(n).
2, 5
Suppose 0*c - 2*c = t - 2, 0 = 3*t - 2*c + 2. Let b = -15 + 15. List the prime factors of 10 + b + t/3.
2, 5
Let x(z) = -z - 6. Let i be x(5). Let v = i - -39. List the prime factors of v.
2, 7
Suppose -5*d = -12*d + 504. List the prime factors of d.
2, 3
Let y be (9/6)/(3/8). Let z = 12 - y. What are the prime factors of z?
2
What are the prime factors of 3*-35*(-4)/12?
5, 7
Suppose 0 = u - 3*u + 16. Let y = -4 + u. List the prime factors of y.
2
Let s = 106 + -46. Suppose 0 = -6*h + 2*h + s. Let z = 22 - h. What are the prime factors of z?
7
Let f(x) = x + 10. Let l(q) = q**3 + 6*q**2 - 3. Let m be l(-6). Let d be (m - -2)/((-2)/(-10)). List the prime factors of f(d).
5
Suppose a + 2*k + 3 = 0, 0*k + 5*k + 18 = a. Suppose 3*f = -f - a*z + 100, 0 = -2*f + 3*z + 32. What are the prime factors of f?
2, 11
Suppose -2*y + 26 = 2*r, -2*y + r + 30 = 2*r. Let p = y - -3. What are the prime factors of p?
2, 5
Suppose d + 28 = 2*d. Let a = -35 + 35. Suppose -4*f + d - 8 = a. List the prime factors of f.
5
Let f = -31 + 17. Let k = 15 - f. What are the prime factors of k?
29
Let w be (4 + -4)/(2 - 0). Let c be w - (-19 - 0)/1. Let s = -10 + c. List the prime factors of s.
3
Let u be 16/10*10/(-1). Let i = 4 + u. What are the prime factors of (3/(-6))/(1/i)?
2, 3
What are the prime factors of 5/2*304/20?
2, 19
Suppose 0 = b + c - 13, 0 = -2*b - 5*c + 2 + 27. Let l be 28/6 - (-4)/b. Let z(a) = -a**3 + 5*a**2 + a + 1. What are the prime factors of z(l)?
2, 3
Let m(t) = 28*t**3 - t**2 + t - 1. List the prime factors of m(2).
13, 17
Suppose 0*u = -3*u - 3*d + 18, 5*u - 16 = 2*d. Suppose -5*l + 0*l - 7 = -2*j, u*j = l + 23. List the prime factors of j.
2, 3
Suppose -1 = -x + 4*l + 8, -5*x = -5*l. What are the prime factors of (x - 51/(-12))*8?
2, 5
Let v(g) = 18*g**3 + 3*g**2 + g - 3. What are the prime factors of v(1)?
19
Suppose -2*d - 5*v = -79, 0*v = -v + 5. What are the prime factors of d?
3
Let l = -3 - -7. Let y(i) = -i**3 + 7*i**2 - 7*i + 3. Let p be y(6). Let a = l - p. What are the prime factors of a?
7
Let r(z) = 5*z + 1. List the prime factors of r(8).
41
Let o be (-6)/21 - (-23)/7. Suppose 7 = -3*k - p, 4*p + 10 = -o*k - 0*p. List the prime factors of 3/((-3)/k) - -2.
2
Let r be 0 + 0 + 3 + -3. What are the prime factors of (6/3 - r) + 7?
3
Suppose -4*h + 53 = 2*n + 13, -25 = -5*h. What are the prime factors of n?
2, 5
Let k(o) = -o**2 + 13*o + 19. List the prime factors of k(13).
19
Let p = -143 - -244. What are the prime factors of p?
101
Let w(m) = -m**2 + 7*m - 7. Let p be w(5). Suppose p*q - 3 = 27. Let z = q + -4. What are the prime factors of z?
2, 3
Suppose 0*k - 5*k - 4*g + 55 = 0, 4*g = 4*k - 44. Let m be (8/(-12))/((-1)/(-3)). List the prime factors of (k*-2)/(0 + m).
11
Let b be (-1 + 5)/(4/6). Let k(m) = m**2 - 5*m - 1. Let a be k(b). Suppose 2*l + 60 = a*l. List the prime factors of l.
2, 5
Suppose -2*c - 5*b = 13 + 1, -4*c + 4*b + 28 = 0. Suppose -c*n + 2*n + 4*t = -19, 3*t + 12 = 0. List the prime factors of n.
3
Let q be (-632)/(-10) + 2/(-10). Let a = q - 35. List the prime factors of a.
2, 7
Suppose -2*m = i - 15, -3*i = 3*m - 0*i - 30. Let y = m - 2. Suppose -3*u = -36 - y. List the prime factors of u.
13
Suppose 5*f - 24 = -4*o, -o = 5*f - 30 + 9. Suppose 0 = -f*i + 16 + 32. What are the prime factors of i?
2, 3
Let c(d) = 2 + 0*d - 12*d - d**2 + 1. Let b be 12/(-3) + -12 - -5. What are the prime factors of c(b)?
2, 7
Suppose -u + 5*u = -16. What are the prime factors of ((-12)/6)/(2/u)?
2
Suppose -4 - 10 = -7*y. What are the prime factors of y?
2
Let n(y) = -2*y + 0 - y + 3. Let g be n(3). Let z = g - -13. List the prime factors of z.
7
Let g(f) = -10*f. Let p be g(-1). Let c = p + -7. Suppose c - 48 = -5*b. List the prime factors of b.
3
Let b be (7/(-14))/((-1)/6). Suppose -2*q = 4*v - 56, b*q - 77 = 3*v + 34. What are the prime factors of q?
2, 17
List the prime factors of (4 - 188/(-8))*(-16)/(-10).
2, 11
Let q = 180 + 93. List the prime factors of q.
3, 7, 13
Let o = -3 - -4. Let c be 1 + (-1 - (o + 1)). List the prime factors of 13 - (c + 5 + -3).
13
Suppose 2*u - 5*x - 132 = 0, 3*u - 6*x - 198 = -2*x. List the prime factors of u.
2, 3, 11
Let b(r) = 5*r**3 - 3*r**2 + 1. Let c be b(2). Suppose -5*g + 65 = 5*n, -2*n = -5*g + 4*g - c. List the prime factors of n.
2, 7
Let k be (-2 - -17)/3*1. Suppose -d + k*n - n + 24 = 0, 2*d = 2*n + 18. Suppose -w - 1 = -d. What are the prime factors of w?
3
Let u = -14 - -16. Suppose -18 = -4*k - u. What are the prime factors of k?
2
Suppose -4*a = 32 - 88. List the prime factors of a.
2, 7
Let d be 4 + (-1 - -4)/3. Suppose 2*z - 2*n - 16 = 0, 10*z = d*z - 5*n. Suppose -k + 0*k + z*q + 37 = 0, 4*q + 16 = 0. List the prime factors of k.
3, 7
Let w = -81 - -158. List the prime factors of w.
7, 11
Let d(j) = j**2 + j - 1. Let p be d(-4). Let l(v) = v - 12. Let r be l(p). List the prime factors of 1/(3/(-15))*r.
5
Suppose -7*l = -2*l + 20. Let t = 19 + -28. Let u = l - t. List the prime factors of u.
5
Suppose 20 = -2*j - 5*o, 7*o - 2*o = -5*j - 50. Let u = 0 - j. Suppose u = p + p. List the prime factors of p.
5
Let m = 147 - 54. What are the prime factors of m?
3, 31
Let n be 0/((-1 - 1) + 4). Suppose -2*r - 3*r + 90 = n. What are the prime factors of r?
2, 3
Let v(c) = -2*c - 2. What are the prime factors of v(-14)?
2, 13
Let s be 2/7 + 74/(-14). Let a = s + 4. What are the prime factors of 20/5 + a + -1?
2
List the prime factors of (-123 - 1)*(14/(-4))/7.
2, 31
Let u(b) be the first derivative of b**2/2 + 9*b + 10. Let w be 0 - (-1 - (-1 - 4)). List the prime factors of u(w).
5
Let z be 2/(-2)*(-2 - -2). Suppose z = -5*d + 15, -2*d - 2*d + 4 = -4*a. Let p = a - -5. What are the prime factors of p?
7
Let n(g) = 5*g**2 - 8*g + 1. What are the prime factors of n(4)?
7
Suppose -f - f = -68. What are the prime factors of f?
2, 17
Let j(x) be the third derivative of x**4/24 + x**3/3 + 3*x**2. Let n be j(-6). What are the prime factors of (-25)/n - (-2)/(-8)?
2, 3
Let k(u) = -u**2 + 13*u - 23. What are the prime factors of k(8)?
17
Suppose 0 = -0*p + 2*p. Let o = 2 - p. Suppose -2*v + 68 = 5*f, 4*v - 7 = -o*f + 33. What are the prime factors of f?
2, 3
Let u = 141 - 16. List the prime factors of u.
5
Suppose 0 = 4*p - 4*z - 28, 0 = -4*p + 5*z + 26 + 6. Suppose 3*b + p - 9 = 0. Suppose -u - 2 = -b*u. What are the prime factors of u?
2
Suppose -a = 65 - 161. Suppose -a = -2*o - 28. What are the prime factors of o?
2, 17
Suppose 4*n = -5*q + 81, 8*q - 3*q + 5*n = 85. Suppose -4*o + 63 = -q. List the prime factors of o.
19
Let k(x) = x**2 - 4*x + 3. Let r be k(3). Let j(v) = v + 8. What are the prime factors of j(r)?
2
Suppose -t + 2